 f be k(4). Suppose -f*q = l - 277, -2*l = -4*l + 4*q + 602. What is the tens digit of l?
9
What is the thousands digit of 4/(-42) + (-448115)/(-399)?
1
What is the hundreds digit of (1 - -4 - 11) + 803?
7
Let a be (-4 + (5 - 4))/((-6)/16). What is the tens digit of (-1872)/(-27) - a/6?
6
Let h be 2/4 - (-13252)/(-8). Let g be h/(-14) + (-2)/7. Suppose 2*t = -2*k + g, 2 + 2 = 4*k. What is the tens digit of t?
5
Let u = -4 - -181. What is the tens digit of u?
7
Let l(y) = 16*y + 123. What is the hundreds digit of l(11)?
2
Let j(v) = -v - 9. Let o be j(-11). Suppose 5*d - 144 = -o*i, -d - 2*i + 3*i = -33. What is the tens digit of d?
3
Suppose 0*d - 175 = -3*d + s, 0 = 2*s - 4. What is the tens digit of (0 - -3) + d + -2?
6
Let v be (-6)/((-676)/(-168) - 4). Let d = v + 354. Let b = d + -58. What is the units digit of b?
4
Suppose 0 = 6*b - 9*b + 870. Suppose -2*l + b = 5*x + 3*l, x - 73 = -4*l. What is the tens digit of x?
5
Suppose 7*p + 148 + 104 = 0. Let c = p + 143. Suppose 2*g + 5*m - 70 = 4*m, -m = 3*g - c. What is the units digit of g?
7
Suppose 4*i = -d + 7821, -2*d + 12557 - 2780 = 5*i. What is the units digit of i?
5
Suppose g - 648 = -f, 5*g + f + 4 = 3232. What is the units digit of g?
5
Let t(u) be the first derivative of -u**4/4 + 16*u**3/3 - 21*u**2/2 + 9*u - 10. Let z be t(15). Let o = -28 - z. What is the tens digit of o?
5
Suppose -4*v = -3*c + 751, -3*c - v + 2*v = -739. Suppose 0 = 10*q - 15*q + c. What is the units digit of q?
9
Let c(u) = 27*u**2 + 1. What is the hundreds digit of c(-4)?
4
Suppose -34*g = -17105 - 10673. What is the tens digit of g?
1
Let v = 651 + 215. What is the tens digit of v?
6
Let i(s) be the first derivative of -11*s**2/2 - 53*s - 46. What is the tens digit of i(-21)?
7
Let l(b) = b**3 + 4*b**2 - 5*b + 6. Let w be l(-5). Let x be ((-4)/w)/(6/(-603)). Suppose -2*a - 132 = -5*y, 4*y + 3*a = 34 + x. What is the tens digit of y?
2
Let o(k) = 4*k**3 + 15*k**2 + 21*k - 5. Let m(i) = -i**3 - 4*i**2 - 5*i + 1. Let s(h) = -9*m(h) - 2*o(h). Suppose t = -5 + 1. What is the units digit of s(t)?
1
Suppose 0*v + 5*v - 90 = 0. Suppose 2*p = 5*d + v - 63, -4*p - 45 = -d. What is the units digit of 230/25*p/(-4)?
3
Suppose 9 + 3 = -c. Let r(n) = -n - 5. What is the units digit of r(c)?
7
Let l(g) = -g + 239. What is the tens digit of l(23)?
1
Let h(q) = 7*q**3 - 3*q**2 + 1. Let m be h(1). Suppose 7 = -2*z + 4*z - 3*g, 3*z - m*g - 9 = 0. What is the units digit of z?
8
Let q = 2 - -8. What is the tens digit of ((-4)/q)/(1/(-245))?
9
Let q = -275 + 421. What is the tens digit of q?
4
Let a be 134/3*(-24)/(-16). Suppose -4*h = -21 - a. What is the tens digit of h?
2
Let v = -16 - -16. Suppose -2*i + v = -92. What is the tens digit of i?
4
Let m(f) be the third derivative of f**5/60 - f**4/8 - 7*f**3 - 27*f**2. What is the units digit of m(-9)?
6
Let g = -4 - -5. Suppose -g = 2*o - 5. Let u(q) = 3*q**2 - 2*q + 3. What is the units digit of u(o)?
1
Let y(g) = -8*g**3 + 2*g**2 + 3*g + 2. Let n be y(-1). Suppose -n*i + i + 104 = 0. What is the units digit of i?
3
Let n = 509 - 24. What is the hundreds digit of n?
4
Suppose 2*a = -a - s + 109, 0 = 4*a + 5*s - 149. What is the units digit of (54/8 - (-9)/a) + -2?
5
Suppose -41*r = -40*r - 235. What is the tens digit of r?
3
Let v be (66/(-15))/(2/10). Suppose -2*y + 5*y - 207 = 0. Let m = y + v. What is the tens digit of m?
4
Let i(u) = 2*u**2 + 5*u - 4. Let t be i(-4). Suppose -13*a + 625 = -t*a. Let f = a - 89. What is the tens digit of f?
3
What is the tens digit of (105/(-10) - (-1)/(-2))*-79?
6
Let b(q) = -q**2 - 11*q - 6. Let c be b(-10). What is the units digit of 25/(c*3/12)?
5
Let x = 1240 - 546. What is the tens digit of x?
9
Let b be -3*2*-1 + -1. Let t(k) = k**3 - 15*k**2 - 16*k + 5. Let g be t(16). Suppose b*j + 3*n - 114 = 0, -5*n - g = 5. What is the tens digit of j?
2
Let o(t) be the second derivative of -t**3/2 + 22*t**2 - 8*t. What is the tens digit of o(-8)?
6
Suppose 261 = 8*l - 2067. What is the hundreds digit of l?
2
Suppose -10542 = -18*u + 11*u. What is the tens digit of u?
0
Let v(d) = 15*d**2 + 20*d - 46. Let i(o) = -3*o**2 - 4*o + 9. Let s(y) = -11*i(y) - 2*v(y). What is the tens digit of s(-5)?
4
Let y = -24 + 58. Suppose y + 43 = q. What is the tens digit of q?
7
Suppose 15*z + 3*z - 1530 = 0. Suppose 6*w - 5 = z. What is the tens digit of w?
1
Let x(l) = 88*l - 86. What is the units digit of x(21)?
2
Let z = 39 + 1754. What is the hundreds digit of z?
7
Let q = 2356 + -1128. What is the thousands digit of q?
1
Let x(l) = -25*l - 6. Let z be x(-4). Suppose -z + 8 = -i. What is the units digit of i?
6
Let j(y) = 10*y - 43. What is the units digit of j(9)?
7
Let i(s) = -s**2 + 2*s + 1. Let y be i(-2). Let z be ((-2)/y)/(3/21). Suppose -165 = z*a - 7*a. What is the units digit of a?
3
Let q be (5/(-15))/((-3)/27). What is the units digit of q*(-5 + 6 + 56)?
1
Suppose 120 = -16*t + 14*t. What is the units digit of (-6)/(-5)*t/(-8)?
9
Suppose -3*c + 3450 = -5*a, 2*c + 14*a - 2319 = 11*a. What is the tens digit of c?
5
Suppose 0 = -4*g - 8, 2*q + 0*q + g = -6. What is the tens digit of 114/9*(5 + q)?
3
Let i = 47 + -38. Suppose -44 = i*q - 11*q. What is the tens digit of q?
2
Let f be 34/4 - (-6)/(-4). Let p(d) = 12*d - 9*d + f*d + 3*d + 1. What is the tens digit of p(2)?
2
Suppose -l - 17 = -0*l + 3*o, 75 = -3*l - o. Let c = -24 - l. Suppose -2*n + 2*u + c*u = -56, 152 = 5*n + 2*u. What is the units digit of n?
0
What is the units digit of -824*((-1170)/24)/15?
8
Let t = 1795 - 883. What is the units digit of t?
2
Suppose 0 = -2*i + 73 + 55. Suppose -5*f = -81 - i. Let r = f - 10. What is the tens digit of r?
1
Let f = -13 - 70. Let d = f - -230. What is the hundreds digit of d?
1
Suppose 5*u + 2*n = -50, 3*u - 3*n + 4*n = -31. What is the units digit of (-56 + -4)*8/u?
0
Suppose n + 2090 = 5533. What is the tens digit of n?
4
Let q = 4896 - 632. What is the tens digit of q?
6
Let x(j) = -8*j**3 - j**2 - 2*j - 1. Let t be x(-1). Suppose -t*a = -3*a - 175. What is the tens digit of a?
3
Let m = 7 + 21. Let c be 264/165*1*(-9 - 1). What is the tens digit of (m/5)/(c/(-40))?
1
Let r(a) = -a**2 + 8*a - 15. Let k be r(6). Let t(j) = -3*j**3 - 5*j**2 + 2*j. What is the units digit of t(k)?
0
Suppose 8*i - 363 = -107. Let g = 6 - 14. Let v = g + i. What is the units digit of v?
4
Suppose 15 = -3*u + 5*g, 5*u - 3*u - 3 = -g. Suppose u = -c - 0*c + 110. What is the hundreds digit of c?
1
Let x be 4/(-15)*-3*-5. Let m be x/(-2)*(-8)/(-16). Let r(w) = 2*w**2 - w + 1. What is the units digit of r(m)?
2
Let g be (1 - -2 - 2) + 10. Let o(v) = -v**3 + 12*v**2 + 4*v - 4 - 4*v - v - 8*v. What is the tens digit of o(g)?
1
Let t be -3*(-3 - (3 - 0)). Let q be -3*(-3)/t*-10. Let p = 15 - q. What is the tens digit of p?
2
Suppose -19*i + 3295 = -334. What is the hundreds digit of i?
1
Let d(j) = 19*j - 1. Let c = -15 + 20. Let t = 7 - c. What is the tens digit of d(t)?
3
Suppose -5*q = -4*i + 3*i - 8563, 5*q + 3*i = 8551. Suppose 5*l + q = 13*l. What is the units digit of l?
4
Let f = -7 - 3. Let j be 2/7 - f/(-35). Suppose 0 = 5*x - j*x - 185. What is the tens digit of x?
3
Let j be 2015/25 + 0 + 2/5. Let f = 174 - j. What is the tens digit of f?
9
Let w(x) = 3*x**2 - 40*x. Let f = 44 + -26. What is the units digit of w(f)?
2
Suppose 0 = u, v - 1385 = 2*u - 7*u. What is the thousands digit of v?
1
Suppose -4 = 4*m, -4150 = -22*c + 18*c + 2*m. What is the units digit of c?
7
Suppose -3*a = -4*u - u + 106, -a = 5*u + 2. Let y = a + 92. Suppose 3*v - 109 = -2*x - 2*x, y = 2*v - 5*x. What is the units digit of v?
5
Suppose -4*o - 2*z + 4194 = -18490, 5*o = 3*z + 28366. What is the tens digit of o?
7
Let i = 94 + -44. Suppose -4*g - g = -i. Suppose 0 = -3*z + 5*q + 111, -2*z - 2*q + 84 = g. What is the tens digit of z?
3
Suppose 0 = b + b - o - 20, -56 = -4*b - 2*o. Let d = b - -19. What is the units digit of d?
1
Let r be (0 - -18)/(30/75). Suppose -6*x + r = -3*x. Suppose -6*g + x = -9. What is the units digit of g?
4
Let c = 47 + -14. Let k = -114 + 180. Let y = k - c. What is the units digit of y?
3
Let g = 80 - -196. Suppose 4*n = 2*n + g. What is the tens digit of n?
3
Let r be (-6)/24 - (-205)/4. Suppose 3*i = -r + 192. What is the units digit of i?
7
Let o(z) = 